?
-38
In base 3, what is 12 + -20021210?
-20021121
In base 8, what is 4 + 6656?
6662
In base 11, what is -4 + -172?
-176
In base 7, what is -2 + -452?
-454
In base 14, what is 5ad - 0?
5ad
In base 12, what is 103 - 4?
bb
In base 13, what is -174 + 0?
-174
In base 10, what is -11 - 272?
-283
In base 6, what is -240 + -104?
-344
In base 15, what is 14a9 - 5?
14a4
In base 5, what is 201423 - -2?
201430
In base 2, what is 1011 - 100100100?
-100011001
In base 12, what is -4 + -2a1?
-2a5
In base 15, what is -685 + -3?
-688
In base 3, what is 1 + 11000?
11001
In base 8, what is 153 - 204?
-31
In base 13, what is 6 + 1a?
23
In base 4, what is -2 - 330?
-332
In base 5, what is 34 + -332?
-243
In base 7, what is 3 + -4?
-1
In base 4, what is 21 - 110031?
-110010
In base 12, what is a99 - 10?
a89
In base 8, what is 3 - 1?
2
In base 9, what is -17 - 7?
-25
In base 6, what is 12002 + 5?
12011
In base 3, what is -2 - -100111?
100102
In base 5, what is 3334 + 0?
3334
In base 8, what is 4 + -54?
-50
In base 14, what is -6 + 1?
-5
In base 10, what is -6 - -38?
32
In base 10, what is -4 - -45?
41
In base 5, what is -100 + -1011?
-1111
In base 16, what is -cf5 + -3?
-cf8
In base 5, what is -1021 + 23?
-443
In base 8, what is 3 - -63?
66
In base 12, what is -a32 - 5?
-a37
In base 3, what is -2120 - -10112?
222
In base 16, what is -2e + -11?
-3f
In base 3, what is -11 + 1102201?
1102120
In base 12, what is -4 + 54?
50
In base 9, what is 3 + 88?
102
In base 9, what is 45 + 3?
48
In base 6, what is -100 + -14?
-114
In base 6, what is 2 - -13224?
13230
In base 3, what is 220 + -112?
101
In base 16, what is -3 - 364?
-367
In base 6, what is 103505 - -1?
103510
In base 14, what is -17 + -3?
-1a
In base 12, what is -6b + -66?
-115
In base 2, what is -1000 + -11000111?
-11001111
In base 16, what is -1 - -c0?
bf
In base 5, what is 141 + -10?
131
In base 5, what is 4444 - -10?
10004
In base 11, what is 3 - -a54?
a57
In base 11, what is -13 - -3?
-10
In base 11, what is -6 - -52?
47
In base 2, what is -100 + 100010011?
100001111
In base 9, what is 24858 + -4?
24854
In base 9, what is -16 + -1178?
-1205
In base 4, what is 112101 + 10?
112111
In base 13, what is 2 - 73?
-71
In base 7, what is 141 - -41?
212
In base 12, what is a3 - 199?
-b6
In base 10, what is -29 + -446?
-475
In base 6, what is 20 - 20?
0
In base 4, what is 1 - -1131?
1132
In base 7, what is 222 + 11?
233
In base 14, what is 21a1 - -2?
21a3
In base 14, what is -20 + 7d?
5d
In base 12, what is -137 - 4?
-13b
In base 10, what is 19 - -90?
109
In base 9, what is -25 + -5?
-31
In base 10, what is -3010 - -4?
-3006
In base 10, what is 19 - -94?
113
In base 13, what is 5b - 0?
5b
In base 7, what is 1306 - -4?
1313
In base 11, what is -144 - 0?
-144
In base 5, what is 131300 - -10?
131310
In base 8, what is -364 + 3?
-361
In base 7, what is 3 - -10?
13
In base 7, what is -3 + -400?
-403
In base 13, what is 4 + -1061?
-105a
In base 7, what is 1144 - -2?
1146
In base 2, what is -111111101 + -1000?
-1000000101
In base 10, what is -24 + 3?
-21
In base 10, what is 346 - -2?
348
In base 7, what is -5 + -2?
-10
In base 10, what is 344 - 1?
343
In base 10, what is -2 + 116?
114
In base 10, what is 0 + 69?
69
In base 10, what is 0 + -309?
-309
In base 6, what is -153 - 15?
-212
In base 13, what is 40 + -5?
38
In base 14, what is -13 + 1b8?
1a5
In base 16, what is -50e + -4?
-512
In base 2, what is 1 - 101?
-100
In base 3, what is 2222102 - -12?
2222121
In base 6, what is 0 - 12532?
-12532
In base 2, what is -1 + -1000?
-1001
In base 14, what is bdd + -5?
bd8
In base 3, what is -2210101 - -1?
-2210100
In base 13, what is 17 + -4a6?
-48c
In base 15, what is -5 + -1c?
-22
In base 5, what is 10 + 21?
31
In base 13, what is 34 + -47?
-13
In base 15, what is 2e + -3?
2b
In base 10, what is 46 - -7?
53
In base 14, what is 0 - -13?
13
In base 8, what is 2 + -765?
-763
In base 11, what is -63 + -16?
-79
In base 16, what is -278 - -1?
-277
In base 11, what is -5 + 87?
82
In base 8, what is -4 - -303?
277
In base 9, what is 64 - -216?
281
In base 3, what is 12211112 + -2?
12211110
In base 13, what is -6b7 + -5?
-6bc
In base 4, what is 12110 - 11?
12033
In base 3, what is 21 + -1011121?
-1011100
In base 9, what is 4 - 5802?
-5787
In base 10, what is 16 + 11?
27
In base 13, what is -10 - 22?
-32
In base 13, what is -5 - 28?
-30
In base 11, what is -4 + -517?
-520
In base 9, what is -36 + 1?
-35
In base 9, what is -3 - 532?
-535
In base 8, what is 1127 + -2?
1125
In base 12, what is -1 - 20ab?
-20b0
In base 14, what is 119 + 4?
11d
In base 16, what is 18b - -9?
194
In base 6, what is -454 + 153?
-301
In base 15, what is -4 + 28?
24
In base 6, what is 25 - -11?
40
In base 6, what is -3 - 13213?
-13220
In base 15, what is -70 - 1?
-71
In base 10, what is -257 + -22?
-279
In base 15, what is -4 - -1447?
1443
In base 9, what is 33 - 7?
25
In base 3, what is 10 - -201221?
202001
In base 11, what is 4 + -a0?
-97
In base 12, what is -4 + 163?
15b
In base 11, what is -5 + 16?
11
In base 12, what is 14 - -25?
39
In base 7, what is 1 - -1034?
1035
In base 14, what is 2 + -7bb?
-7b9
In base 15, what is 1 - 93?
-92
In base 6, what is 41142 + 4?
41150
In base 11, what is 147 - 28?
11a
In base 10, what is 52 - 62?
-10
In base 10, what is -19 - -182?
163
In base 2, what is -1000 - 10?
-1010
In base 15, what is 60 + -15?
4a
In base 7, what is -3166 - -2?
-3164
In base 8, what is -11671 - -4?
-11665
In base 16, what is -a - -6?
-4
In base 4, what is 11 + 112?
123
In base 7, what is -23015 + -2?
-23020
In base 14, what is -24a - -1?
-249
In base 4, what is -232 - 22?
-320
In base 4, what is -1220 + 0?
-1220
In base 4, what is 1203 + 0?
1203
In base 13, what is 3 + 1c2?
1c5
In base 5, what is -10 - 410?
-420
In base 13, what is 8b + -5?
86
In base 4, what is -12102 + 21?
-12021
In base 14, what is -d6 - -5?
-d1
In base 8, what is -6603 - 5?
-6610
In base 8, what is 1 - -1174?
1175
In base 15, what is 359 - 1?
358
In base 15, what is ab7 - 3?
ab4
In base 7, what is 33 - -2041?
2104
In base 16, what is -5 - 2?
-7
In base 13, what is -8 + 1a?
12
In base 12, what is 3 - 575?
-572
In base 4, what is -3 + 3313?
3310
In base 9, what is -5 + -116?
-122
In base 8, what is 5 + 53?
60
In base 14, what is -2 + 28?
26
In base 15, what is 2 + -86?
-84
In base 14, what is 2 - 18a?
-188
In base 14, what is -26b + 5?
-266
In base 8, what is 11 + -32?
-21
In base 5, what is 242021 - 2?
242014
In base 9, what is 40 - 0?
40
In base 8, what is 12 + -3?
7
In base 6, what is -1 - -122?
121
In base 9, what is 2 + 55?
57
In base 2, what is 1 - -1110011?
1110100
In base 6, what is -30204 + -3?
-30211
In base 11, what is -5 + 7?
2
In base 16, what is 3c + 3d?
79
In base 14, what is -4 + 4?
0
In base 9, what is 5 + -475?
-470
In base 7, what is 1 - 46?
-45
In base 12, what is 45 - -3?
48
In base 11, what is 8 + 1?
9
In base 10, what is -1 + -163?
-164
In base 11, what is 0 - 123?
-123
In base 4, what is 2 - 1212?
-1210
In base 13, what is -6b + 13?
-58
In base 16, what is -a + -d?
-17
In base 16, what is 3 - e99?
-e96
In base 9, what is 3 - 467?
-464
In base 12, what is 3 - -21?
24
In base 7, what is -546 + 21?
-525
In base 2, what is 1000 - -11000011?
11001011
In base 7, what is -6 + -126?
-135
In base 16, what is -2 + -12c3?
-12c5
In base 13, what is a03 - 0?
a03
In base 14, what is -1a86 + 0?
-1a86
In base 16, what is -4 + 57?
53
In base 5, what is -44 - 2432?
-3031
In base 15, what is aed - 7?
ae6
In base 9, what is -4 + -63?
-67
In base 9, what is 272 + -4?
267
In base 16, what is -2c0 - 1?
-2c1
In base 13, what is -3 + -2007?
-200a
In base 3, what is -212 - -12?
-200
In base 6, what is -5 + -21421?
-21430
In base 2, what is 1000 - 1110001?
-1101001
In base 16, what is 7d + -5?
78
In base 8, what is -4124 + 3?
-4121
In base 6, what is -21 - -103?
42
In base 4, what is 120 - 103?
11
In base 5, what is 2 + -4412?
-4410
In base 10, what is -4 - -83?
79
In base 10, what is -166 + -12?
-178
In base 4, what is 212111 - -10?
212121
In base 12, what is 90 + -2?
8a
In base 12, what is -1025 - 1?
-1026
In base 4, what is -20031 - 0?
-20031
In base 8, what is 56 - 31?
25
In base 9, what is -55 - -252?
186
In base 5, what is -341402 - 10?
-341412
In base 8, what is -7765 + -2?
-7767
In